 factors of 1561.
7, 223
What are the prime factors of 892?
2, 223
What are the prime factors of 175389?
3, 17, 19, 181
What are the prime factors of 69128?
2, 8641
What are the prime factors of 56172?
2, 3, 31, 151
List the prime factors of 87.
3, 29
List the prime factors of 6610.
2, 5, 661
List the prime factors of 1763.
41, 43
List the prime factors of 1327.
1327
What are the prime factors of 2350?
2, 5, 47
List the prime factors of 34072.
2, 4259
List the prime factors of 1132.
2, 283
What are the prime factors of 27249?
3, 31, 293
What are the prime factors of 614?
2, 307
List the prime factors of 54168.
2, 3, 37, 61
What are the prime factors of 3542?
2, 7, 11, 23
List the prime factors of 12527.
12527
List the prime factors of 4411.
11, 401
What are the prime factors of 4216?
2, 17, 31
List the prime factors of 1959.
3, 653
List the prime factors of 4252.
2, 1063
List the prime factors of 7286.
2, 3643
List the prime factors of 3136.
2, 7
List the prime factors of 19237.
19237
List the prime factors of 36354.
2, 3, 73, 83
What are the prime factors of 41890?
2, 5, 59, 71
What are the prime factors of 45651?
3, 15217
What are the prime factors of 1782?
2, 3, 11
List the prime factors of 1350.
2, 3, 5
List the prime factors of 78640.
2, 5, 983
What are the prime factors of 1310?
2, 5, 131
What are the prime factors of 1573?
11, 13
What are the prime factors of 4797?
3, 13, 41
List the prime factors of 37993.
37993
What are the prime factors of 69848?
2, 8731
List the prime factors of 10780.
2, 5, 7, 11
What are the prime factors of 986?
2, 17, 29
List the prime factors of 10006.
2, 5003
What are the prime factors of 1540?
2, 5, 7, 11
List the prime factors of 10409.
7, 1487
What are the prime factors of 9847?
43, 229
List the prime factors of 671.
11, 61
List the prime factors of 1233.
3, 137
What are the prime factors of 271?
271
List the prime factors of 242.
2, 11
List the prime factors of 2088.
2, 3, 29
What are the prime factors of 1203?
3, 401
List the prime factors of 27115.
5, 11, 17, 29
What are the prime factors of 2963?
2963
What are the prime factors of 46899?
3, 193
What are the prime factors of 34016?
2, 1063
List the prime factors of 1939.
7, 277
List the prime factors of 77625.
3, 5, 23
List the prime factors of 10941.
3, 7, 521
What are the prime factors of 105030?
2, 3, 5, 389
What are the prime factors of 32960?
2, 5, 103
What are the prime factors of 9726?
2, 3, 1621
List the prime factors of 8099.
7, 13, 89
List the prime factors of 262.
2, 131
List the prime factors of 411.
3, 137
What are the prime factors of 855?
3, 5, 19
List the prime factors of 30973.
47, 659
What are the prime factors of 3399?
3, 11, 103
List the prime factors of 2719.
2719
List the prime factors of 49962.
2, 3, 11, 757
List the prime factors of 52593.
3, 47, 373
What are the prime factors of 1501?
19, 79
What are the prime factors of 1349?
19, 71
What are the prime factors of 3093?
3, 1031
What are the prime factors of 959?
7, 137
List the prime factors of 33605.
5, 11, 13, 47
List the prime factors of 4054.
2, 2027
List the prime factors of 8652.
2, 3, 7, 103
List the prime factors of 71461.
13, 23, 239
List the prime factors of 2100.
2, 3, 5, 7
List the prime factors of 48517.
7, 29, 239
List the prime factors of 89168.
2, 5573
List the prime factors of 2231.
23, 97
What are the prime factors of 903?
3, 7, 43
List the prime factors of 45968.
2, 13, 17
List the prime factors of 19339.
83, 233
What are the prime factors of 151707?
3, 61, 829
What are the prime factors of 79?
79
What are the prime factors of 10495?
5, 2099
List the prime factors of 13816.
2, 11, 157
List the prime factors of 56222.
2, 28111
What are the prime factors of 5450?
2, 5, 109
What are the prime factors of 8707?
8707
List the prime factors of 1713.
3, 571
What are the prime factors of 3118?
2, 1559
List the prime factors of 33665.
5, 6733
List the prime factors of 15462.
2, 3, 859
What are the prime factors of 7090?
2, 5, 709
What are the prime factors of 452?
2, 113
List the prime factors of 5372.
2, 17, 79
List the prime factors of 1165.
5, 233
What are the prime factors of 8152?
2, 1019
List the prime factors of 968.
2, 11
What are the prime factors of 5788?
2, 1447
What are the prime factors of 63102?
2, 3, 13, 809
What are the prime factors of 34073?
13, 2621
List the prime factors of 28416.
2, 3, 37
What are the prime factors of 24276?
2, 3, 7, 17
List the prime factors of 2775.
3, 5, 37
What are the prime factors of 2683?
2683
What are the prime factors of 2191?
7, 313
List the prime factors of 14148.
2, 3, 131
What are the prime factors of 3050?
2, 5, 61
List the prime factors of 16002.
2, 3, 7, 127
What are the prime factors of 30260?
2, 5, 17, 89
What are the prime factors of 2455?
5, 491
What are the prime factors of 76?
2, 19
What are the prime factors of 28087?
28087
List the prime factors of 13526.
2, 6763
What are the prime factors of 2718?
2, 3, 151
List the prime factors of 53411.
53411
What are the prime factors of 3165?
3, 5, 211
What are the prime factors of 1095?
3, 5, 73
What are the prime factors of 2980?
2, 5, 149
What are the prime factors of 101760?
2, 3, 5, 53
List the prime factors of 6709.
6709
List the prime factors of 52933.
43, 1231
What are the prime factors of 11471?
11471
What are the prime factors of 3167?
3167
List the prime factors of 1647.
3, 61
List the prime factors of 1406.
2, 19, 37
What are the prime factors of 25486?
2, 12743
List the prime factors of 1676.
2, 419
List the prime factors of 2293.
2293
List the prime factors of 2522.
2, 13, 97
List the prime factors of 2724.
2, 3, 227
What are the prime factors of 90?
2, 3, 5
List the prime factors of 2089.
2089
List the prime factors of 2364.
2, 3, 197
What are the prime factors of 12814?
2, 43, 149
List the prime factors of 73301.
23, 3187
What are the prime factors of 8631?
3, 7, 137
What are the prime factors of 1427?
1427
What are the prime factors of 4949?
7, 101
List the prime factors of 2.
2
What are the prime factors of 3346?
2, 7, 239
List the prime factors of 8474.
2, 19, 223
List the prime factors of 30715.
5, 6143
List the prime factors of 111808.
2, 1747
List the prime factors of 29545.
5, 19, 311
List the prime factors of 1279.
1279
What are the prime factors of 2131?
2131
List the prime factors of 98.
2, 7
What are the prime factors of 2374?
2, 1187
List the prime factors of 20452.
2, 5113
What are the prime factors of 86467?
86467
List the prime factors of 5755.
5, 1151
List the prime factors of 823.
823
What are the prime factors of 52001?
149, 349
List the prime factors of 5595.
3, 5, 373
List the prime factors of 1829.
31, 59
List the prime factors of 10673.
13, 821
What are the prime factors of 84527?
181, 467
What are the prime factors of 1223?
1223
List the prime factors of 6915.
3, 5, 461
What are the prime factors of 2075?
5, 83
List the prime factors of 379.
379
What are the prime factors of 30930?
2, 3, 5, 1031
List the prime factors of 2542.
2, 31, 41
What are the prime factors of 21366?
2, 3, 1187
What are the prime factors of 4178?
2, 2089
What are the prime factors of 502?
2, 251
What are the prime factors of 21422?
2, 10711
List the prime factors of 35943.
3, 11981
What are the prime factors of 748?
2, 11, 17
What are the prime factors of 1538?
2, 769
What are the prime factors of 1014?
2, 3, 13
List the prime factors of 1164.
2, 3, 97
List the prime factors of 21878.
2, 10939
List the prime factors of 720.
2, 3, 5
What are the prime factors of 262?
2, 131
What are the prime factors of 64801?
11, 43, 137
What are the prime factors of 115988?
2, 107, 271
What are the prime factors of 249?
3, 83
What are the prime factors of 2531?
2531
What are the prime factors of 474?
2, 3, 79
List the prime factors of 1011.
3, 337
What are the prime factors of 13850?
2, 5, 277
List the prime factors of 9969.
3, 3323
What are the prime factors of 10369?
10369
List the prime factors of 5949.
3, 661
What are the prime factors of 2126?
2, 1063
List the prime factors of 1417.
13, 109
What are the prime factors of 17311?
7, 2473
What are the prime factors of 72671?
72671
What are the prime factors of 2709?
3, 7, 43
What are the prime factors of 1000?
2, 5
List 